(base 4) to base 7
-251230
What is 1053 (base 8) in base 5?
4210
-251 (base 9) to base 4
-3100
Convert 7194 (base 16) to base 8.
70624
Convert -3114 (base 9) to base 6.
-14321
What is -249 (base 10) in base 7?
-504
What is 3472 (base 9) in base 13?
1232
135414 (base 7) to base 9
38513
Convert -1261 (base 7) to base 2.
-111100100
222 (base 3) to base 4
122
What is 122345 (base 6) in base 7?
43613
-1768 (base 13) to base 7
-13051
What is 221 (base 14) in base 4?
12211
What is -1281 (base 14) in base 7?
-12321
-16cd (base 15) to base 13
-2314
-3231 (base 4) to base 8
-355
What is 102023 (base 5) in base 6?
23404
What is 11584 (base 13) in base 8?
75737
Convert -b00 (base 13) to base 3.
-2112212
What is -126614 (base 7) in base 14?
-8a44
14440 (base 5) to base 11
a32
Convert 10010111011 (base 2) to base 11.
a01
Convert 2863 (base 15) to base 16.
21c3
Convert -326 (base 8) to base 15.
-e4
Convert -102131 (base 4) to base 10.
-1181
Convert 80f (base 16) to base 5.
31223
What is -110010111010 (base 2) in base 3?
-11110200
What is 6106 (base 8) in base 10?
3142
-1100000001100 (base 2) to base 8
-14014
Convert -13b14 (base 12) to base 10.
-27520
Convert -1045 (base 6) to base 15.
-115
Convert -136728 (base 9) to base 8.
-243363
-16ca (base 13) to base 2
-110100110001
55012 (base 6) to base 11
5760
What is 26520 (base 7) in base 4?
1233033
Convert a1c (base 14) to base 13.
b9a
-20124 (base 12) to base 10
-41644
What is 525d (base 14) in base 9?
21422
What is -313425 (base 6) in base 9?
-37788
Convert 106451 (base 9) to base 12.
30b01
f867 (base 16) to base 5
4013331
Convert 1b24 (base 12) to base 2.
110100001100
-2010 (base 5) to base 16
-ff
Convert 603 (base 7) to base 12.
209
c89e (base 15) to base 5
2324244
10102313 (base 4) to base 14
65a7
Convert -2301012 (base 4) to base 9.
-16483
What is -12845 (base 13) in base 9?
-52122
What is 2232122 (base 4) in base 9?
16272
What is -2076 (base 12) in base 7?
-13224
-21113 (base 7) to base 12
-3018
1163 (base 9) to base 10
867
14062 (base 7) to base 6
25401
11011110001 (base 2) to base 13
a69
Convert -515 (base 6) to base 11.
-164
Convert 6401 (base 8) to base 10.
3329
Convert 20233032 (base 4) to base 9.
54076
Convert 1004 (base 13) to base 15.
9bb
What is -100222 (base 4) in base 5?
-13231
What is 23424 (base 6) in base 3?
11122221
Convert 1817 (base 9) to base 5.
21033
-532 (base 11) to base 13
-3a3
What is -125 (base 15) in base 13?
-170
Convert cb (base 16) to base 10.
203
Convert -1424311 (base 5) to base 7.
-153223
What is 12345 (base 7) in base 5?
101032
Convert 1010202202 (base 3) to base 12.
10b92
5255 (base 8) to base 14
dd3
Convert -11030 (base 4) to base 14.
-19a
What is -3033033 (base 4) in base 13?
-6063
-17a76 (base 12) to base 15
-a2ac
What is 1018 (base 10) in base 7?
2653
5457 (base 11) to base 12
4201
Convert -217 (base 15) to base 7.
-1243
What is -3231 (base 5) in base 11?
-371
Convert -10202 (base 3) to base 12.
-85
Convert 101010100001 (base 2) to base 7.
10635
What is 11100201 (base 3) in base 14?
1230
What is 28875 (base 10) in base 4?
13003023
Convert -37614 (base 9) to base 7.
-133501
-c927 (base 14) to base 4
-20132213
105160 (base 8) to base 5
2113230
Convert 6ae (base 16) to base 15.
790
Convert -5449 (base 10) to base 13.
-2632
What is 4122 (base 8) in base 6?
13510
What is -1000011110100 (base 2) in base 15?
-1445
170a (base 13) to base 8
6476
-a64 (base 13) to base 7
-5111
What is -1100001101000 (base 2) in base 3?
-22120102
-4360 (base 7) to base 9
-2124
Convert -966 (base 10) to base 12.
-686
372 (base 15) to base 4
30032
Convert -190 (base 12) to base 15.
-11c
Convert e696 (base 16) to base 8.
163226
What is 2103113 (base 4) in base 6?
111355
What is -1194 (base 15) in base 4?
-322123
What is 3647 (base 11) in base 15?
1630
Convert 1458 (base 12) to base 14.
c16
Convert -45031 (base 6) to base 3.
-22121201
What is -18e (base 16) in base 12?
-292
Convert -101023 (base 4) to base 2.
-10001001011
What is -4b3 (base 14) in base 2?
-1110101101
-14204 (base 5) to base 12
-823
6221 (base 12) to base 13
4b28
Convert -139 (base 12) to base 2.
-10111101
Convert 202011 (base 3) to base 8.
1040
What is -414 (base 9) in base 11?
-287
What is -290b (base 14) in base 11?
-5503
-650 (base 9) to base 13
-31b
835 (base 10) to base 16
343
What is -2aa2 (base 11) in base 14?
-1648
Convert 22bc (base 16) to base 6.
105100
What is 17188 (base 9) in base 16?
2e31
122 (base 4) to base 8
32
Convert -a6d (base 14) to base 13.
-c23
12b (base 13) to base 9
248
Convert 11103 (base 7) to base 14.
103a
Convert 1056 (base 8) to base 14.
2bc
-3bbb (base 16) to base 9
-22870
-63122 (base 9) to base 10
-41654
Convert -1727 (base 13) to base 16.
-d55
What is 211052 (base 6) in base 3?
212110012
What is 1556 (base 9) in base 13?
702
What is -1009 (base 11) in base 5?
-20330
-1101010100101 (base 2) to base 10
-6821
10111 (base 3) to base 7
163
What is -2203 (base 6) in base 11?
-421
10200011 (base 3) to base 15
bd7
Convert 138b (base 13) to base 9.
3772
Convert -19575 (base 11) to base 10.
-27307
-25332 (base 6) to base 5
-110200
744 (base 9) to base 16
25f
Convert -26171 (base 8) to base 9.
-16550
What is 14ee (base 16) in base 4?
1103232
155023 (base 6) to base 10
15351
-61d (base 15) to base 8
-2542
61 (base 15) to base 12
77
940 (base 16) to base 12
1454
What is 3a61 (base 13) in base 14?
3092
Convert -1127 (base 11) to base 6.
-10505
-12311303 (base 4) to base 14
-a2d5
Convert -77 (base 12) to base 6.
-231
Convert -4f65 (base 16) to base 6.
-234033
What is -37a (base 12) in base 8?
-1016
1040 (base 6) to base 9
286
Convert -20 (base 3) to base 16.
-6
-5466 (base 7) to base 8
-3647
-6391 (base 12) to base 2
-10101010011101
2321113 (base 5) to base 13
16194
-11303 (base 5) to base 16
-33c
-73b (base 12) to base 5
-13210
Convert -1185 (base 9) to base 7.
-2405
What is -522 (base 6) in base 15?
-ce
What is -140423 (base 5) in base 12?
-33a2
Convert -10313120 (base 4) to base 2.
-100110111011000
Convert -728 (base 11) to base 5.
-12002
Convert -9089 (base 12) to base 3.
-210110220
Convert -117213 (base 8) to base 7.
-226221
-12022201 (base 3) to base 5
-111010
Convert 222111 (base 3) to base 8.
1313
Convert 1110001000111 (base 2) to base 12.
4233
Convert -101 (base 5) to base 9.
-28
What is -674 (base 12) in base 15?
-437
What is -11142 (base 7) in base 6?
-21023
Convert -2012110 (base 3) to base 14.
-829
What is 3a46 (base 14) in base 3?
112001210
4bb (base 16) to base 5
14321
285a (base 13) to base 14
219b
100100010011 (base 2) to base 8
4423
cef (base 16) to base 2
110011101111
-9bbe (base 16) to base 7
-224145
What is 17a8 (base 12) in base 15?
cae
Convert 47 (base 12) to base 16.
37
What is -17c (base 14) in base 6?
-1230
Convert 104 (base 9) to base 15.
5a
-23a (base 13) to base 9
-470
Convert -7a91 (base 16) to base 2.
-111101010010001
-555332 (base 6) to base 11
-31a95
-11002200 (base 3) to base 12
-1890
10100101011 (base 2) to base 11
aa3
Convert 1001001000 (base 2) to base 7.
1463
Convert -187d (base 16) to base 5.
-200034
24 (base 5) to base 14
10
Convert 3060 (base 10) to base 12.
1930
Convert 27228 (base 11) to base 13.
14901
Convert -27 (base 11) to base 8.
-35
What is 452 (base 9) in base 16?
173
What is 153 (base 16) in base 4?
11103
What is -106003 (base 8) in base 7?
-206333
What is 3425 (base 8) in base 7?
5200
355 (base 6) to base 5
1033
What is b64b (base 13) in base 2?
110001010011100
-10111101 (base 2) to base 11
-162
-120 (base 15) to base 8
-377
Convert 1194 (base 13) to base 14.
c99
10856 (base 9) to base 10
7260
-12164 (base 9) to base 2
-1111111011110
Convert -23024 (base 7) to base 8.
-13331
Convert -105435 (base 7) to base 9.
-27636
-440044 (base 6) to base 16
-8ddc
Convert -212122 (base 5) to base 14.
-2878
-11506 (base 7) to base 9
-4087
What is 400551 (base 6) in base 14?
b5ab
Convert 4617 (base 13) to base 6.
113250
Convert -402 (base 11) to base 6.
-2130
Convert 11212011 (base 3) to base 9.
4764
What is 20d (base 15) in base 12?
327
Convert -13453 (base 6) to base 15.
-966
Convert 20213 (base 4) to base 12.
39b
What is -956 (base 10) in base 7?
-2534
What is -139 (base 16) in base 11?
-265
What is 1421 (base 5) in base 6?
1032
-10223 (base 4) to base 13
-1a0
Convert 620